{"id":1043,"date":"2020-12-21T14:34:14","date_gmt":"2020-12-21T14:34:14","guid":{"rendered":"http:\/\/lenahf.se\/?page_id=1043"},"modified":"2020-12-22T14:54:26","modified_gmt":"2020-12-22T14:54:26","slug":"marcus-bartoletti","status":"publish","type":"page","link":"https:\/\/lenahf.se\/index.php\/marcus-bartoletti\/","title":{"rendered":"Marcus Bartoletti"},"content":{"rendered":"\n<figure class=\"wp-block-image size-large\"><img loading=\"lazy\" decoding=\"async\" width=\"1024\" height=\"682\" src=\"http:\/\/lenahf.se\/wp-content\/uploads\/2020\/12\/MB-1024x682.jpg\" alt=\"\" class=\"wp-image-1044\" srcset=\"https:\/\/lenahf.se\/wp-content\/uploads\/2020\/12\/MB-1024x682.jpg 1024w, https:\/\/lenahf.se\/wp-content\/uploads\/2020\/12\/MB-300x200.jpg 300w, https:\/\/lenahf.se\/wp-content\/uploads\/2020\/12\/MB-768x512.jpg 768w, https:\/\/lenahf.se\/wp-content\/uploads\/2020\/12\/MB-1536x1023.jpg 1536w, https:\/\/lenahf.se\/wp-content\/uploads\/2020\/12\/MB-2048x1364.jpg 2048w\" sizes=\"auto, (max-width: 1024px) 100vw, 1024px\" \/><\/figure>\n\n\n\n<p><strong>Marcus Bartoletti<\/strong>, baryton. 2:a \u00e5ret p\u00e5 kammaroperautbildningen p\u00e5 Musik- och operah\u00f6gskolan vid M\u00e4lardalens h\u00f6gskola<br><br>Jag har g\u00e5tt f\u00f6r Lena i drygt fyra \u00e5r nu och vi har tillsammans skapat ett otroligt bra samarbete med varandra. Hon kan min r\u00f6st som om det vore hennes egen och jag litar p\u00e5 henne fullkomligt. Detta g\u00f6r att jag snabbt kan ta till mig av hennes instruktioner. Jag k\u00e4nner att jag hela tiden utvecklas som s\u00e5ngare och f\u00f6r varje s\u00e5nglektion l\u00e4r jag mig n\u00e5got nytt om min egen r\u00f6st. Sedan jag b\u00f6rjade f\u00f6r Lena har min r\u00f6st blivit friare och mer l\u00e4tthanterlig. Hon har \u00e4ven hj\u00e4lpt mig bli sj\u00e4lvs\u00e4krare i min s\u00e5ng och att hitta min s\u00e5ngaridentitet.<\/p>\n\n\n\n<p>Lena har ett fantastiskt \u00f6ra, som inte l\u00e5ter sig luras av en enbart vacker klang, utan lyssnar \u00e4ven efter vad musklerna g\u00f6r. Detta i kombination med hennes l\u00e5nga erfarenhet och pedagogiska tillv\u00e4gag\u00e5ngss\u00e4tt g\u00f6r att hon kan bygga upp sin elevs r\u00f6st och f\u00e5 den att b\u00e4ra \u00f6ver en hel orkester och samtidigt h\u00e5lla f\u00f6r ett helt s\u00e5ngarliv.<\/p>\n\n\n\n<p>Lena har fantastiskt mycket positiv energi som smittar av sig och man g\u00e5r alltid hem fr\u00e5n en s\u00e5nglektion med ett leende p\u00e5 l\u00e4pparna. Hon \u00e4r enormt engagerad i alla sina elever och g\u00f6r allt f\u00f6r att man ska bli en s\u00e5 bra artist som m\u00f6jligt. Hon ger mig m\u00e5nga v\u00e4rdefulla byggstenar att bygga mitt artisteri med som helhet och har vidgat mina vyer f\u00f6r vad s\u00e5ngteknik inneb\u00e4r.&nbsp; Jag \u00e4r oerh\u00f6rt tacksam f\u00f6r allt Lena har l\u00e4rt mig hittills, men jag inser \u00e4ven mer och mer hur mycket det finns kvar att l\u00e4ra av henne och jag hoppas f\u00e5 studera&nbsp; f\u00f6r henne i m\u00e5nga \u00e5r fram\u00f6ver, \u00e4ven n\u00e4r jag blivit en etablerad s\u00e5ngare.&nbsp;<\/p>\n\n\n\n<p><strong>L\u00e4nkar till klipp:<\/strong><\/p>\n\n\n\n<p><strong>W. A. Mozart ur Il nozze di Figaro<br>Hai gia vinta la causa<\/strong><\/p>\n\n\n\n<figure class=\"wp-block-embed is-type-video is-provider-youtube wp-block-embed-youtube wp-embed-aspect-16-9 wp-has-aspect-ratio\"><div class=\"wp-block-embed__wrapper\">\n<span class=\"embed-youtube\" style=\"text-align:center; display: block;\"><iframe class='youtube-player' type='text\/html' width='1088' height='642' src='https:\/\/www.youtube.com\/embed\/WeflGvlvPfU?version=3&#038;rel=1&#038;fs=1&#038;autohide=2&#038;showsearch=0&#038;showinfo=1&#038;iv_load_policy=1&#038;wmode=transparent' allowfullscreen='true' style='border:0;'><\/iframe><\/span>\n<\/div><\/figure>\n\n\n\n<p><strong>C. Gounod ur Faust<br>Avant de quitter ces lieux<\/strong><\/p>\n\n\n\n<figure class=\"wp-block-embed is-type-video is-provider-youtube wp-block-embed-youtube wp-embed-aspect-16-9 wp-has-aspect-ratio\"><div class=\"wp-block-embed__wrapper\">\n<span class=\"embed-youtube\" style=\"text-align:center; display: block;\"><iframe class='youtube-player' type='text\/html' width='1088' height='642' src='https:\/\/www.youtube.com\/embed\/ajyTp0S1ees?version=3&#038;rel=1&#038;fs=1&#038;autohide=2&#038;showsearch=0&#038;showinfo=1&#038;iv_load_policy=1&#038;wmode=transparent' allowfullscreen='true' style='border:0;'><\/iframe><\/span>\n<\/div><\/figure>\n\n\n\n<p><strong>M. Ravel<br>from Histoires naturelles:<br>Le Paon<\/strong><\/p>\n\n\n\n<figure class=\"wp-block-embed is-type-video is-provider-youtube wp-block-embed-youtube wp-embed-aspect-16-9 wp-has-aspect-ratio\"><div class=\"wp-block-embed__wrapper\">\n<span class=\"embed-youtube\" style=\"text-align:center; display: block;\"><iframe class='youtube-player' type='text\/html' width='1088' height='642' src='https:\/\/www.youtube.com\/embed\/ZiRIWNv8cn4?version=3&#038;rel=1&#038;fs=1&#038;autohide=2&#038;showsearch=0&#038;showinfo=1&#038;iv_load_policy=1&#038;wmode=transparent' allowfullscreen='true' style='border:0;'><\/iframe><\/span>\n<\/div><\/figure>\n","protected":false},"excerpt":{"rendered":"<p>Marcus Bartoletti, baryton. 2:a \u00e5ret p\u00e5 kammaroperautbildningen p\u00e5 Musik- och operah\u00f6gskolan vid M\u00e4lardalens h\u00f6gskola Jag har g\u00e5tt f\u00f6r Lena i drygt fyra \u00e5r nu och vi har tillsammans skapat ett otroligt bra samarbete med varandra. Hon kan min r\u00f6st som om det vore hennes egen och jag litar p\u00e5 henne fullkomligt. Detta g\u00f6r att jag [&hellip;]<\/p>\n","protected":false},"author":1,"featured_media":0,"parent":0,"menu_order":0,"comment_status":"closed","ping_status":"closed","template":"","meta":{"footnotes":""},"class_list":["post-1043","page","type-page","status-publish","hentry"],"_links":{"self":[{"href":"https:\/\/lenahf.se\/index.php\/wp-json\/wp\/v2\/pages\/1043","targetHints":{"allow":["GET"]}}],"collection":[{"href":"https:\/\/lenahf.se\/index.php\/wp-json\/wp\/v2\/pages"}],"about":[{"href":"https:\/\/lenahf.se\/index.php\/wp-json\/wp\/v2\/types\/page"}],"author":[{"embeddable":true,"href":"https:\/\/lenahf.se\/index.php\/wp-json\/wp\/v2\/users\/1"}],"replies":[{"embeddable":true,"href":"https:\/\/lenahf.se\/index.php\/wp-json\/wp\/v2\/comments?post=1043"}],"version-history":[{"count":2,"href":"https:\/\/lenahf.se\/index.php\/wp-json\/wp\/v2\/pages\/1043\/revisions"}],"predecessor-version":[{"id":1096,"href":"https:\/\/lenahf.se\/index.php\/wp-json\/wp\/v2\/pages\/1043\/revisions\/1096"}],"wp:attachment":[{"href":"https:\/\/lenahf.se\/index.php\/wp-json\/wp\/v2\/media?parent=1043"}],"curies":[{"name":"wp","href":"https:\/\/api.w.org\/{rel}","templated":true}]}}