{"id":1068,"date":"2020-12-22T14:33:07","date_gmt":"2020-12-22T14:33:07","guid":{"rendered":"http:\/\/lenahf.se\/?page_id=1068"},"modified":"2020-12-22T14:33:09","modified_gmt":"2020-12-22T14:33:09","slug":"carl-johan-falk","status":"publish","type":"page","link":"https:\/\/lenahf.se\/index.php\/carl-johan-falk\/","title":{"rendered":"Carl-Johan                             Falk"},"content":{"rendered":"\n<p><strong>Carl-Johan Falk<\/strong>, tenor. 2:\u00e5ret p\u00e5 Kammaroperautbildningen p\u00e5 Musik- och operah\u00f6gskolan vid M\u00e4lardalens h\u00f6gskola<\/p>\n\n\n\n<figure class=\"wp-block-image size-large\"><img loading=\"lazy\" decoding=\"async\" width=\"1024\" height=\"682\" src=\"http:\/\/lenahf.se\/wp-content\/uploads\/2020\/12\/cjf-1024x682.jpg\" alt=\"\" class=\"wp-image-1069\" srcset=\"https:\/\/lenahf.se\/wp-content\/uploads\/2020\/12\/cjf-1024x682.jpg 1024w, https:\/\/lenahf.se\/wp-content\/uploads\/2020\/12\/cjf-300x200.jpg 300w, https:\/\/lenahf.se\/wp-content\/uploads\/2020\/12\/cjf-768x512.jpg 768w, https:\/\/lenahf.se\/wp-content\/uploads\/2020\/12\/cjf-1536x1023.jpg 1536w, https:\/\/lenahf.se\/wp-content\/uploads\/2020\/12\/cjf-2048x1364.jpg 2048w\" sizes=\"auto, (max-width: 1024px) 100vw, 1024px\" \/><\/figure>\n\n\n\n<p>F\u00f6rm\u00e5nen att studera s\u00e5ng f\u00f6r Lena har i grunden f\u00f6r\u00e4ndrat min syn p\u00e5 s\u00e5ngen och min sj\u00e4lvbild som ut\u00f6vande konstn\u00e4r.<\/p>\n\n\n\n<p>Hon har gett mig f\u00e4rdigheter som s\u00e5ngteknik, spr\u00e5k, uttryck och gestaltning mm&nbsp; som beh\u00f6vs men framf\u00f6rallt har hon visat hur allt detta samverkar i den konstn\u00e4rliga processen och gett nycklar till&nbsp; hur jag sj\u00e4lv kan vara med och p\u00e5verka den i positiv riktning.&nbsp;<\/p>\n\n\n\n<p>Det har gett mig b\u00e5de sj\u00e4lvf\u00f6rtroende, tillit till min egna f\u00f6rm\u00e5ga och trygghet att v\u00e5ga och vilja forts\u00e4tta att utvecklas som s\u00e5ngare och konstn\u00e4r.<\/p>\n\n\n\n<p>Lena har stor kunskap och \u00e4r en mycket duktig pedagog. Hennes lektioner pr\u00e4glas av generositet, lyh\u00f6rdhet, osviklig optimism och tilltro till ens f\u00f6rm\u00e5ga, och allt genomsyras av hennes sprudlande energi som smittar. Det \u00e4r roligt, utmanande och otroligt givande att f\u00e5 studera f\u00f6r henne.<\/p>\n","protected":false},"excerpt":{"rendered":"<p>Carl-Johan Falk, tenor. 2:\u00e5ret p\u00e5 Kammaroperautbildningen p\u00e5 Musik- och operah\u00f6gskolan vid M\u00e4lardalens h\u00f6gskola F\u00f6rm\u00e5nen att studera s\u00e5ng f\u00f6r Lena har i grunden f\u00f6r\u00e4ndrat min syn p\u00e5 s\u00e5ngen och min sj\u00e4lvbild som ut\u00f6vande konstn\u00e4r. Hon har gett mig f\u00e4rdigheter som s\u00e5ngteknik, spr\u00e5k, uttryck och gestaltning mm&nbsp; som beh\u00f6vs men framf\u00f6rallt har hon visat hur allt detta [&hellip;]<\/p>\n","protected":false},"author":1,"featured_media":0,"parent":0,"menu_order":0,"comment_status":"closed","ping_status":"closed","template":"","meta":{"footnotes":""},"class_list":["post-1068","page","type-page","status-publish","hentry"],"_links":{"self":[{"href":"https:\/\/lenahf.se\/index.php\/wp-json\/wp\/v2\/pages\/1068","targetHints":{"allow":["GET"]}}],"collection":[{"href":"https:\/\/lenahf.se\/index.php\/wp-json\/wp\/v2\/pages"}],"about":[{"href":"https:\/\/lenahf.se\/index.php\/wp-json\/wp\/v2\/types\/page"}],"author":[{"embeddable":true,"href":"https:\/\/lenahf.se\/index.php\/wp-json\/wp\/v2\/users\/1"}],"replies":[{"embeddable":true,"href":"https:\/\/lenahf.se\/index.php\/wp-json\/wp\/v2\/comments?post=1068"}],"version-history":[{"count":1,"href":"https:\/\/lenahf.se\/index.php\/wp-json\/wp\/v2\/pages\/1068\/revisions"}],"predecessor-version":[{"id":1070,"href":"https:\/\/lenahf.se\/index.php\/wp-json\/wp\/v2\/pages\/1068\/revisions\/1070"}],"wp:attachment":[{"href":"https:\/\/lenahf.se\/index.php\/wp-json\/wp\/v2\/media?parent=1068"}],"curies":[{"name":"wp","href":"https:\/\/api.w.org\/{rel}","templated":true}]}}