{"id":1101,"date":"2020-12-22T15:14:20","date_gmt":"2020-12-22T15:14:20","guid":{"rendered":"http:\/\/lenahf.se\/?page_id=1101"},"modified":"2021-01-05T15:02:36","modified_gmt":"2021-01-05T15:02:36","slug":"mozarts-kvinnor","status":"publish","type":"page","link":"https:\/\/lenahf.se\/index.php\/mozarts-kvinnor\/","title":{"rendered":"Mozarts                           kvinnor"},"content":{"rendered":"\n<p><strong>Mozarts kvinnor \u2013 kammaropera med operastudenter\u00e5r 1, p\u00e5 Musik- och operah\u00f6gskolan vid M\u00e4lardalens h\u00f6gskola<\/strong><\/p>\n\n\n\n<p>Mozart letar utkl\u00e4dd till Papageno efter sin eftertr\u00e4dare. En vadslagning s\u00e4tter ig\u00e5ng en r\u00e4cka f\u00f6rvecklingar d\u00e4r samtliga s\u00f6kande avsl\u00f6jar sina innersta tankar och k\u00e4nslor f\u00f6r varandra. Giovannis lust efter kvinnor och makt kommer p\u00e5 skam och Mozart utn\u00e4mner till slut sin r\u00e4ttm\u00e4tiga arvtagare\u2026<\/p>\n\n\n\n<figure class=\"wp-block-table\"><table><tbody><tr><td>\n\t\t<!-- MasterSlider -->\n\t\t<div id=\"P_MS69da1655aba7e\" class=\"master-slider-parent msl ms-parent-id-9\" style=\"max-width:1000px;\"  >\n\n\t\t\t\n\t\t\t<!-- MasterSlider Main -->\n\t\t\t<div id=\"MS69da1655aba7e\" class=\"master-slider ms-skin-default\" >\n\t\t\t\t \t\t\t\t \n\t\t\t\t<div  class=\"ms-slide\" data-delay=\"3\" data-fill-mode=\"fill\"  >\n\t\t\t\t\t<img decoding=\"async\" src=\"https:\/\/lenahf.se\/wp-content\/plugins\/master-slider\/public\/assets\/css\/blank.gif\" alt=\"\" title=\"\" data-src=\"https:\/\/lenahf.se\/wp-content\/uploads\/2021\/01\/4j1-1000x1000.jpg\" \/>\n\n\n\t<div class=\"ms-thumb\" ><div class=\"ms-tab-context\"><div class=&quot;ms-tab-context&quot;><\/div><\/div>\n<\/div>\n\t\t\t\t<\/div>\n\t\t\t\t<div  class=\"ms-slide\" data-delay=\"3\" data-fill-mode=\"fill\"  >\n\t\t\t\t\t<img decoding=\"async\" src=\"https:\/\/lenahf.se\/wp-content\/plugins\/master-slider\/public\/assets\/css\/blank.gif\" alt=\"\" title=\"\" data-src=\"https:\/\/lenahf.se\/wp-content\/uploads\/2021\/01\/4j2-1000x1000.jpg\" \/>\n\n\n\t<div class=\"ms-thumb\" ><div class=\"ms-tab-context\"><div class=&quot;ms-tab-context&quot;><\/div><\/div>\n<\/div>\n\t\t\t\t<\/div>\n\t\t\t\t<div  class=\"ms-slide\" data-delay=\"3\" data-fill-mode=\"fill\"  >\n\t\t\t\t\t<img decoding=\"async\" src=\"https:\/\/lenahf.se\/wp-content\/plugins\/master-slider\/public\/assets\/css\/blank.gif\" alt=\"\" title=\"\" data-src=\"https:\/\/lenahf.se\/wp-content\/uploads\/2021\/01\/4j3-1000x1000.jpg\" \/>\n\n\n\t<div class=\"ms-thumb\" ><div class=\"ms-tab-context\"><div class=&quot;ms-tab-context&quot;><\/div><\/div>\n<\/div>\n\t\t\t\t<\/div>\n\t\t\t\t<div  class=\"ms-slide\" data-delay=\"3\" data-fill-mode=\"fill\"  >\n\t\t\t\t\t<img decoding=\"async\" src=\"https:\/\/lenahf.se\/wp-content\/plugins\/master-slider\/public\/assets\/css\/blank.gif\" alt=\"\" title=\"\" data-src=\"https:\/\/lenahf.se\/wp-content\/uploads\/2021\/01\/4j4-1000x1000.jpg\" \/>\n\n\n\t<div class=\"ms-thumb\" ><div class=\"ms-tab-context\"><div class=&quot;ms-tab-context&quot;><\/div><\/div>\n<\/div>\n\t\t\t\t<\/div>\n\t\t\t\t<div  class=\"ms-slide\" data-delay=\"3\" data-fill-mode=\"fill\"  >\n\t\t\t\t\t<img decoding=\"async\" src=\"https:\/\/lenahf.se\/wp-content\/plugins\/master-slider\/public\/assets\/css\/blank.gif\" alt=\"\" title=\"\" data-src=\"https:\/\/lenahf.se\/wp-content\/uploads\/2021\/01\/4j5-1000x1000.jpg\" \/>\n\n\n\t<div class=\"ms-thumb\" ><div class=\"ms-tab-context\"><div class=&quot;ms-tab-context&quot;><\/div><\/div>\n<\/div>\n\t\t\t\t<\/div>\n\t\t\t\t<div  class=\"ms-slide\" data-delay=\"3\" data-fill-mode=\"fill\"  >\n\t\t\t\t\t<img decoding=\"async\" src=\"https:\/\/lenahf.se\/wp-content\/plugins\/master-slider\/public\/assets\/css\/blank.gif\" alt=\"\" title=\"\" data-src=\"https:\/\/lenahf.se\/wp-content\/uploads\/2021\/01\/4j6-1000x1000.jpg\" \/>\n\n\n\t<div class=\"ms-thumb\" ><div class=\"ms-tab-context\"><div class=&quot;ms-tab-context&quot;><\/div><\/div>\n<\/div>\n\t\t\t\t<\/div>\n\t\t\t\t<div  class=\"ms-slide\" data-delay=\"3\" data-fill-mode=\"fill\"  >\n\t\t\t\t\t<img decoding=\"async\" src=\"https:\/\/lenahf.se\/wp-content\/plugins\/master-slider\/public\/assets\/css\/blank.gif\" alt=\"\" title=\"\" data-src=\"https:\/\/lenahf.se\/wp-content\/uploads\/2021\/01\/4j7-1000x1000.jpg\" \/>\n\n\n\t<div class=\"ms-thumb\" ><div class=\"ms-tab-context\"><div class=&quot;ms-tab-context&quot;><\/div><\/div>\n<\/div>\n\t\t\t\t<\/div>\n\t\t\t\t<div  class=\"ms-slide\" data-delay=\"3\" data-fill-mode=\"fill\"  >\n\t\t\t\t\t<img decoding=\"async\" src=\"https:\/\/lenahf.se\/wp-content\/plugins\/master-slider\/public\/assets\/css\/blank.gif\" alt=\"\" title=\"\" data-src=\"https:\/\/lenahf.se\/wp-content\/uploads\/2021\/01\/4j8-1000x1000.jpg\" \/>\n\n\n\t<div class=\"ms-thumb\" ><div class=\"ms-tab-context\"><div class=&quot;ms-tab-context&quot;><\/div><\/div>\n<\/div>\n\t\t\t\t<\/div>\n\t\t\t\t<div  class=\"ms-slide\" data-delay=\"3\" data-fill-mode=\"fill\"  >\n\t\t\t\t\t<img decoding=\"async\" src=\"https:\/\/lenahf.se\/wp-content\/plugins\/master-slider\/public\/assets\/css\/blank.gif\" alt=\"\" title=\"\" data-src=\"https:\/\/lenahf.se\/wp-content\/uploads\/2021\/01\/4j9-1000x1000.jpg\" \/>\n\n\n\t<div class=\"ms-thumb\" ><div class=\"ms-tab-context\"><div class=&quot;ms-tab-context&quot;><\/div><\/div>\n<\/div>\n\t\t\t\t<\/div>\n\t\t\t\t<div  class=\"ms-slide\" data-delay=\"3\" data-fill-mode=\"fill\"  >\n\t\t\t\t\t<img decoding=\"async\" src=\"https:\/\/lenahf.se\/wp-content\/plugins\/master-slider\/public\/assets\/css\/blank.gif\" alt=\"\" title=\"\" data-src=\"https:\/\/lenahf.se\/wp-content\/uploads\/2021\/01\/4j10-1000x1000.jpg\" \/>\n\n\n\t<div class=\"ms-thumb\" ><div class=\"ms-tab-context\"><div class=&quot;ms-tab-context&quot;><\/div><\/div>\n<\/div>\n\t\t\t\t<\/div>\n\n\t\t\t<\/div>\n\t\t\t<!-- END MasterSlider Main -->\n\n\t\t\t \n\t\t<\/div>\n\t\t<!-- END MasterSlider -->\n\n\t\t<script>\n\t\t(function ( $ ) {\n\t\t\t\"use strict\";\n\n\t\t\t$(function () {\n\t\t\t\tvar masterslider_ba7e = new MasterSlider();\n\n\t\t\t\t\/\/ slider controls\n\n\t\t\t\t\/\/ slider setup\n\t\t\t\tmasterslider_ba7e.setup(\"MS69da1655aba7e\", {\n\t\t\t\t\t\twidth           : 1000,\n\t\t\t\t\t\theight          : 1000,\n\t\t\t\t\t\tminHeight       : 0,\n\t\t\t\t\t\tspace           : 0,\n\t\t\t\t\t\tstart           : 1,\n\t\t\t\t\t\tgrabCursor      : true,\n\t\t\t\t\t\tswipe           : true,\n\t\t\t\t\t\tmouse           : true,\n\t\t\t\t\t\tlayout          : \"boxed\",\n\t\t\t\t\t\twheel           : false,\n\t\t\t\t\t\tautoplay        : true,\n\t\t\t\t\t\tinstantStartLayers:false,\n\t\t\t\t\t\tloop            : false,\n\t\t\t\t\t\tshuffle         : false,\n\t\t\t\t\t\tpreload         : 0,\n\t\t\t\t\t\theightLimit     : true,\n\t\t\t\t\t\tautoHeight      : false,\n\t\t\t\t\t\tsmoothHeight    : true,\n\t\t\t\t\t\tendPause        : false,\n\t\t\t\t\t\toverPause       : true,\n\t\t\t\t\t\tfillMode        : \"fill\",\n\t\t\t\t\t\tcenterControls  : true,\n\t\t\t\t\t\tstartOnAppear   : true,\n\t\t\t\t\t\tlayersMode      : \"center\",\n\t\t\t\t\t\thideLayers      : false,\n\t\t\t\t\t\tfullscreenMargin: 0,\n\t\t\t\t\t\tspeed           : 20,\n\t\t\t\t\t\tdir             : \"h\",\n\t\t\t\t\t\tparallaxMode    : 'swipe',\n\t\t\t\t\t\tview            : \"basic\"\n\t\t\t\t});\n\n\t\t\t\t\n\t\t\t\twindow.masterslider_instances = window.masterslider_instances || [];\n\t\t\t\twindow.masterslider_instances.push( masterslider_ba7e );\n\t\t\t });\n\n\t\t})(jQuery);\n\t\t<\/script>\n\n<\/td><\/tr><\/tbody><\/table><figcaption>fotograf: Jonas Bilberg<\/figcaption><\/figure>\n\n\n\n<p>I f\u00f6rest\u00e4llningen Mozarts kvinnor blandas arior och ensembler fr\u00e5n olika Mozartoperor. Medverkande \u00e4r f\u00f6rsta\u00e5rsstudenter fr\u00e5n Kammaroperautbildningen vid Musik- och operah\u00f6gskolan vid M\u00e4lardalens h\u00f6gskola.<\/p>\n\n\n\n<p>Id\u00e9n till f\u00f6rest\u00e4llning har sin utg\u00e5ng i tesen: Hur konsten lyfter pedagogiken och hur pedagogiken lyfter konsten och denna g\u00e5ng med perspektivet utifr\u00e5n impulser. En s\u00e5ngstudent beh\u00f6ver medvetandeg\u00f6ra dessa impulser s\u00e5ngligt, musikaliskt och sceniskt f\u00f6r att de fritt ska kunna anv\u00e4ndas p\u00e5 scenen i stundens ingivelser.<\/p>\n\n\n\n<p>F\u00f6rest\u00e4llningens handling har improviserats fram, nya texter har skrivits och recitativen har helt tillkommit genom improvisation. Tillsammans med regiss\u00f6r Patrik S\u00f6rling och musikaliskt ansvarig Bengt-\u00c5ke Lundin har vi som team haft ett n\u00e4ra samarbete med att integrera impulser i v\u00e5rt konstn\u00e4rliga arbete utifr\u00e5n sceniskt, musikaliskt och s\u00e5ngtekniskt perspektiv.<\/p>\n\n\n\n<p>Redan fr\u00e5n start fanns med att i handlingen skulle b\u00e5de historiska och dagsaktuella fr\u00e5gest\u00e4llningar finnas med. Ytterligare en utmaning gjorde sitt int\u00e5g i Covid-19 tiden: \u201dSe men inte r\u00f6ra\u201d blev en konstn\u00e4rligt instruktion fr\u00e5n mig till regiss\u00f6r. H\u00e4r har raffinerade l\u00f6sningar vuxit fram med arml\u00e4ngdens avst\u00e5nd till och med i k\u00e4rleksduetter! Det blev snabbt ett pedagogiskt moment som faktiskt lyfter konsten!<\/p>\n\n\n\n<p>Produktionen har framf\u00f6rts p\u00e5 V\u00e4stmanlands teater och p\u00e5 Confidencen, Ulrikdals slottsteater, Stockholm<\/p>\n\n\n\n<p><\/p>\n\n\n\n<figure class=\"wp-block-image size-large\"><img loading=\"lazy\" decoding=\"async\" width=\"768\" height=\"1024\" src=\"http:\/\/lenahf.se\/wp-content\/uploads\/2020\/12\/IMG_8832-768x1024.jpeg\" alt=\"\" class=\"wp-image-1153\" srcset=\"https:\/\/lenahf.se\/wp-content\/uploads\/2020\/12\/IMG_8832-768x1024.jpeg 768w, https:\/\/lenahf.se\/wp-content\/uploads\/2020\/12\/IMG_8832-225x300.jpeg 225w, https:\/\/lenahf.se\/wp-content\/uploads\/2020\/12\/IMG_8832-1152x1536.jpeg 1152w, https:\/\/lenahf.se\/wp-content\/uploads\/2020\/12\/IMG_8832-1536x2048.jpeg 1536w, https:\/\/lenahf.se\/wp-content\/uploads\/2020\/12\/IMG_8832-scaled.jpeg 1920w\" sizes=\"auto, (max-width: 768px) 100vw, 768px\" \/><figcaption><em>Lena Hellstr\u00f6m-F\u00e4rnl\u00f6f<\/em><\/figcaption><\/figure>\n\n\n\n<p>Teaser fr\u00e5n f\u00f6rest\u00e4llning p\u00e5 V\u00e4stmanlandsteater, juni 2020:<\/p>\n\n\n\n<figure class=\"wp-block-embed is-type-video is-provider-youtube wp-block-embed-youtube wp-embed-aspect-16-9 wp-has-aspect-ratio\"><div class=\"wp-block-embed__wrapper\">\n<span class=\"embed-youtube\" style=\"text-align:center; display: block;\"><iframe class='youtube-player' type='text\/html' width='1088' height='642' src='https:\/\/www.youtube.com\/embed\/m46MpAKdHHI?version=3&#038;rel=1&#038;fs=1&#038;autohide=2&#038;showsearch=0&#038;showinfo=1&#038;iv_load_policy=1&#038;wmode=transparent' allowfullscreen='true' style='border:0;'><\/iframe><\/span>\n<\/div><\/figure>\n\n\n\n<p><\/p>\n\n\n\n<p>F\u00f6rkortad version av Mozarts kvinnor p\u00e5 Confidencen, Ulriksdals slottsteater, sep 2020<\/p>\n\n\n\n<figure class=\"wp-block-embed is-type-video is-provider-youtube wp-block-embed-youtube wp-embed-aspect-16-9 wp-has-aspect-ratio\"><div class=\"wp-block-embed__wrapper\">\n<span class=\"embed-youtube\" style=\"text-align:center; display: block;\"><iframe class='youtube-player' type='text\/html' width='1088' height='642' src='https:\/\/www.youtube.com\/embed\/D8KpGaDaegQ?version=3&#038;rel=1&#038;fs=1&#038;autohide=2&#038;showsearch=0&#038;showinfo=1&#038;iv_load_policy=1&#038;wmode=transparent' allowfullscreen='true' style='border:0;'><\/iframe><\/span>\n<\/div><\/figure>\n\n\n\n<p><\/p>\n\n\n\n<p>L\u00e4s mer:<\/p>\n\n\n\n<p>Musik: W. A. Mozart<br>Musikaliskt ansvarig och dirigent: Bengt-\u00c5ke Lundin<br>Regi och koreografi: Patrik S\u00f6rling<br>Id\u00e9 och konstn\u00e4rlig chef: Prof. Lena Hellstr\u00f6m-F\u00e4rnl\u00f6f<br>Piano: Elvira B\u00f6rlin<br>Instudering: Magnus Svensson och Bengt-\u00c5ke Lundin<br>S\u00e5ngpedagog: Prof. Lena Hellstr\u00f6m-F\u00e4rnl\u00f6f<\/p>\n\n\n\n<p>I rollerna:<\/p>\n\n\n\n<p>Aloisia \u2013 Alba Gutierrez Malmbom \u2013 koloratursopran<br>Aminta \u2013 Karin Mobacke \u2013 sopran<br>Elvira&nbsp;\u2013 Sara B\u00e4ck&nbsp;\u2013 mezzosopran<br>Ottavio \u2013 Carl-Johan Falk&nbsp;\u2013 tenor<br>Papageno&nbsp;\u2013 Andreas Wagner&nbsp;\u2013 baryton<br>Giovanni&nbsp;\u2013 Marcus Bartoletti \u2013 baryton<\/p>\n\n\n\n<p>I f\u00f6rest\u00e4llningen medverkar s\u00e5ngare fr\u00e5n Kammaroperautbildningen, \u00e5r 1, p\u00e5 Musik- och operah\u00f6gskolan vid M\u00e4lardalens H\u00f6gskola. Fotograf: Jonas Bilberg<\/p>\n\n\n\n<p><a href=\"http:\/\/lenahf.se\/wp-content\/uploads\/2020\/06\/Program-Mozarts-kvinnor-korr-3-juni-V20.pdf?fbclid=IwAR1phgiURlIEJ2vaQckqqucoQVKhN3A6Djd0ouj7AvPo195FtWh0dDbFDBI\">L\u00e4s programbladet h\u00e4r<\/a> (pdf)<\/p>\n\n\n\n<p><\/p>\n\n\n\n<figure class=\"wp-block-image size-large\"><a href=\"https:\/\/confidencen.se\/mozarts-kvinnor\/\"><img loading=\"lazy\" decoding=\"async\" width=\"1024\" height=\"578\" src=\"http:\/\/lenahf.se\/wp-content\/uploads\/2020\/12\/mk1-1024x578.jpg\" alt=\"\" class=\"wp-image-1106\" srcset=\"https:\/\/lenahf.se\/wp-content\/uploads\/2020\/12\/mk1-1024x578.jpg 1024w, https:\/\/lenahf.se\/wp-content\/uploads\/2020\/12\/mk1-300x169.jpg 300w, https:\/\/lenahf.se\/wp-content\/uploads\/2020\/12\/mk1-768x434.jpg 768w, https:\/\/lenahf.se\/wp-content\/uploads\/2020\/12\/mk1-1536x867.jpg 1536w, https:\/\/lenahf.se\/wp-content\/uploads\/2020\/12\/mk1.jpg 1732w\" sizes=\"auto, (max-width: 1024px) 100vw, 1024px\" \/><\/a><\/figure>\n\n\n\n<p><a href=\"https:\/\/confidencen.se\/mozarts-kvinnor\/\">L\u00e4s mer h\u00e4r<\/a><\/p>\n","protected":false},"excerpt":{"rendered":"<p>Mozarts kvinnor \u2013 kammaropera med operastudenter\u00e5r 1, p\u00e5 Musik- och operah\u00f6gskolan vid M\u00e4lardalens h\u00f6gskola Mozart letar utkl\u00e4dd till Papageno efter sin eftertr\u00e4dare. En vadslagning s\u00e4tter ig\u00e5ng en r\u00e4cka f\u00f6rvecklingar d\u00e4r samtliga s\u00f6kande avsl\u00f6jar sina innersta tankar och k\u00e4nslor f\u00f6r varandra. Giovannis lust efter kvinnor och makt kommer p\u00e5 skam och Mozart utn\u00e4mner till slut sin [&hellip;]<\/p>\n","protected":false},"author":1,"featured_media":1102,"parent":0,"menu_order":0,"comment_status":"closed","ping_status":"closed","template":"","meta":{"footnotes":""},"class_list":["post-1101","page","type-page","status-publish","has-post-thumbnail","hentry"],"_links":{"self":[{"href":"https:\/\/lenahf.se\/index.php\/wp-json\/wp\/v2\/pages\/1101","targetHints":{"allow":["GET"]}}],"collection":[{"href":"https:\/\/lenahf.se\/index.php\/wp-json\/wp\/v2\/pages"}],"about":[{"href":"https:\/\/lenahf.se\/index.php\/wp-json\/wp\/v2\/types\/page"}],"author":[{"embeddable":true,"href":"https:\/\/lenahf.se\/index.php\/wp-json\/wp\/v2\/users\/1"}],"replies":[{"embeddable":true,"href":"https:\/\/lenahf.se\/index.php\/wp-json\/wp\/v2\/comments?post=1101"}],"version-history":[{"count":7,"href":"https:\/\/lenahf.se\/index.php\/wp-json\/wp\/v2\/pages\/1101\/revisions"}],"predecessor-version":[{"id":1173,"href":"https:\/\/lenahf.se\/index.php\/wp-json\/wp\/v2\/pages\/1101\/revisions\/1173"}],"wp:featuredmedia":[{"embeddable":true,"href":"https:\/\/lenahf.se\/index.php\/wp-json\/wp\/v2\/media\/1102"}],"wp:attachment":[{"href":"https:\/\/lenahf.se\/index.php\/wp-json\/wp\/v2\/media?parent=1101"}],"curies":[{"name":"wp","href":"https:\/\/api.w.org\/{rel}","templated":true}]}}