{"id":1272,"date":"2021-02-01T16:46:43","date_gmt":"2021-02-01T16:46:43","guid":{"rendered":"http:\/\/lenahf.se\/?page_id=1272"},"modified":"2021-02-01T16:46:46","modified_gmt":"2021-02-01T16:46:46","slug":"lena-har-en-fantastisk-formaga-att-hitta-det-unika-i-varje-rost-jennie-eriksson","status":"publish","type":"page","link":"https:\/\/lenahf.se\/index.php\/lena-har-en-fantastisk-formaga-att-hitta-det-unika-i-varje-rost-jennie-eriksson\/","title":{"rendered":"&#8221;Lena har en fantastisk f\u00f6rm\u00e5ga att hitta det unika i varje r\u00f6st&#8221;                         Jennie Eriksson"},"content":{"rendered":"\n<p><strong>Jennie Eriksson &#8211; Sopran<\/strong><\/p>\n\n\n\n<p>Det f\u00f6rsta som sl\u00e5r mej n\u00e4r jag t\u00e4nker p\u00e5 Lena och v\u00e5ra lektioner \u00e4r<br>gl\u00e4dje! Det sprider sig ett leende p\u00e5 mina l\u00e4ppar n\u00e4r jag ska till att<br>skriva dessa rader. Med Lena \u00e4r det p\u00e5 riktigt, passionen f\u00f6r<br>s\u00e5ngkonsten samt kommunikationen till publiken!<\/p>\n\n\n\n<p>Jag har sjungit i hela mitt liv och tr\u00e4ffat m\u00e5nga s\u00e5ngpedagoger och<br>coacher p\u00e5 Musikh\u00f6gskolor och Operah\u00f6gskolor i Sverige och<br>utomlands.<\/p>\n\n\n\n<p>N\u00e4r jag kom till Lena f\u00f6r 5 \u00e5r sedan var det som ett nytt kapitel<br>b\u00f6rjade. Jag hade gjort en paus i mitt egna artisteri men ins\u00e5g n\u00e4r jag<br>kom till Lena hur mycket jag hade saknat det. Lena uppmuntrade mig<br>att \u00e5terigen v\u00e4cka upp s\u00e5ngerskan i mej och jag har aldrig k\u00e4nt s\u00e5dan<br>lust till s\u00e5ng som jag g\u00f6r nu.<\/p>\n\n\n\n<p>Lena har en fantastisk f\u00f6rm\u00e5ga att hitta det unika i varje r\u00f6st. Hon bl\u00e4ndas inte av vacker klang utan lyssnar med skarpt \u00f6ra och p\u00e5kopplat intellekt f\u00f6r att s\u00e4kerst\u00e4lla att r\u00f6sten klingar i sitt r\u00e4tta element. Genom sm\u00e5 medel ser hon till att hela m\u00e4nniskan trivs med sitt artisteri och det syns och h\u00f6rs i resultatet. Den ena lektionen \u00e4r inte den andra lik utan Lena har alltid n\u00e5got nytt att fylla p\u00e5 verktygsl\u00e5dan med. Lena har en outtr\u00f6ttlig energi hon f\u00e5r alltid mej att k\u00e4nna att \u201ddetta var nog min b\u00e4sta lektion n\u00e5gonsin!\u201d<\/p>\n\n\n\n<p>Genom hennes stora kunskap inom s\u00e5ngteknik \u00e4r hon alltid noggrann och ger sig inte f\u00f6rr\u00e4n hon uppn\u00e5tt b\u00e4sta resultat. Hennes noggrannhet till texten och musiken skapar en k\u00e4nsla av trygghet och tillit.<\/p>\n\n\n\n<p>I dag r\u00f6r jag mej obehindrat mellan olika musikstilar allt i fr\u00e5n nykomponerad musik till de stora kyrkomusikaliska verken av Bach, H\u00e4ndel och Mozart samt inom opera. Lena finns alltid d\u00e4r med sin klockrena stilk\u00e4nnedom och interpretation f\u00f6r att coacha mej till det<br>yttersta i den aktuella repertoaren.<\/p>\n\n\n\n<p>Jag hoppas och ser framemot ett l\u00e5ngt och l\u00e4rorikt samarbete tillsammans med Lena!<\/p>\n\n\n\n<p><strong>Omnia tempus, Sofia kyrka 2019 live, Jennie Eriksson &#8211; solist<\/strong><\/p>\n\n\n\n<figure class=\"wp-block-embed is-type-video is-provider-youtube wp-block-embed-youtube wp-embed-aspect-16-9 wp-has-aspect-ratio\"><div class=\"wp-block-embed__wrapper\">\n<span class=\"embed-youtube\" style=\"text-align:center; display: block;\"><iframe class='youtube-player' type='text\/html' width='1088' height='642' src='https:\/\/www.youtube.com\/embed\/rP99QCKN5oU?version=3&#038;rel=1&#038;fs=1&#038;autohide=2&#038;showsearch=0&#038;showinfo=1&#038;iv_load_policy=1&#038;wmode=transparent' allowfullscreen='true' style='border:0;'><\/iframe><\/span>\n<\/div><\/figure>\n\n\n\n<p><\/p>\n\n\n\n<p><a href=\"https:\/\/www.jennieeriksson.com\/\"><strong>https:\/\/www.jennieeriksson.com\/<\/strong><\/a><\/p>\n","protected":false},"excerpt":{"rendered":"<p>Jennie Eriksson &#8211; Sopran Det f\u00f6rsta som sl\u00e5r mej n\u00e4r jag t\u00e4nker p\u00e5 Lena och v\u00e5ra lektioner \u00e4rgl\u00e4dje! Det sprider sig ett leende p\u00e5 mina l\u00e4ppar n\u00e4r jag ska till attskriva dessa rader. Med Lena \u00e4r det p\u00e5 riktigt, passionen f\u00f6rs\u00e5ngkonsten samt kommunikationen till publiken! Jag har sjungit i hela mitt liv och tr\u00e4ffat m\u00e5nga [&hellip;]<\/p>\n","protected":false},"author":1,"featured_media":1273,"parent":0,"menu_order":0,"comment_status":"closed","ping_status":"closed","template":"","meta":{"footnotes":""},"class_list":["post-1272","page","type-page","status-publish","has-post-thumbnail","hentry"],"_links":{"self":[{"href":"https:\/\/lenahf.se\/index.php\/wp-json\/wp\/v2\/pages\/1272","targetHints":{"allow":["GET"]}}],"collection":[{"href":"https:\/\/lenahf.se\/index.php\/wp-json\/wp\/v2\/pages"}],"about":[{"href":"https:\/\/lenahf.se\/index.php\/wp-json\/wp\/v2\/types\/page"}],"author":[{"embeddable":true,"href":"https:\/\/lenahf.se\/index.php\/wp-json\/wp\/v2\/users\/1"}],"replies":[{"embeddable":true,"href":"https:\/\/lenahf.se\/index.php\/wp-json\/wp\/v2\/comments?post=1272"}],"version-history":[{"count":1,"href":"https:\/\/lenahf.se\/index.php\/wp-json\/wp\/v2\/pages\/1272\/revisions"}],"predecessor-version":[{"id":1274,"href":"https:\/\/lenahf.se\/index.php\/wp-json\/wp\/v2\/pages\/1272\/revisions\/1274"}],"wp:featuredmedia":[{"embeddable":true,"href":"https:\/\/lenahf.se\/index.php\/wp-json\/wp\/v2\/media\/1273"}],"wp:attachment":[{"href":"https:\/\/lenahf.se\/index.php\/wp-json\/wp\/v2\/media?parent=1272"}],"curies":[{"name":"wp","href":"https:\/\/api.w.org\/{rel}","templated":true}]}}