{"id":158,"date":"2017-03-14T20:02:11","date_gmt":"2017-03-14T20:02:11","guid":{"rendered":"http:\/\/lenahf.se\/?page_id=158"},"modified":"2017-08-30T15:50:36","modified_gmt":"2017-08-30T15:50:36","slug":"lena-lyfter-fram-det-i-unika-i-mig-som-konstnar-mikael-horned","status":"publish","type":"page","link":"https:\/\/lenahf.se\/index.php\/lena-lyfter-fram-det-i-unika-i-mig-som-konstnar-mikael-horned\/","title":{"rendered":"&#8221;Lena lyfter fram det i unika i mig som konstn\u00e4r&#8221;, Mikael Horned"},"content":{"rendered":"<p><img loading=\"lazy\" decoding=\"async\" class=\"alignnone size-medium wp-image-159 alignleft\" src=\"http:\/\/lenahf.se\/wp-content\/uploads\/2017\/03\/Mikael-Horned-baryton-Kammaropera-\u00e5r-1-300x169.jpg\" alt=\"Mikael Horned, baryton Kammaropera \u00e5r 1\" width=\"300\" height=\"169\" srcset=\"https:\/\/lenahf.se\/wp-content\/uploads\/2017\/03\/Mikael-Horned-baryton-Kammaropera-\u00e5r-1-300x169.jpg 300w, https:\/\/lenahf.se\/wp-content\/uploads\/2017\/03\/Mikael-Horned-baryton-Kammaropera-\u00e5r-1-768x432.jpg 768w, https:\/\/lenahf.se\/wp-content\/uploads\/2017\/03\/Mikael-Horned-baryton-Kammaropera-\u00e5r-1-1024x576.jpg 1024w, https:\/\/lenahf.se\/wp-content\/uploads\/2017\/03\/Mikael-Horned-baryton-Kammaropera-\u00e5r-1.jpg 1600w\" sizes=\"auto, (max-width: 300px) 100vw, 300px\" \/>Med sin enast\u00e5ende expertis och konstn\u00e4rliga galenskaper f\u00e5r Lena mig att n\u00e5 h\u00f6gre h\u00f6jder f\u00f6r varje lektion. Hon \u00e4r en outr\u00f6ttlig urkraft som eggar och st\u00f6ttar mig n\u00e4r helst jag beh\u00f6ver det. Hon lyfter fram det i unika i mig som konstn\u00e4r och jag \u00e4r otroligt glad att ha henne som s\u00e5ngpedagog!<\/p>\n<p>Jag tog tag i min dr\u00f6m att bli operas\u00e5ngare efter gymnasiet d\u00e5 jag fick chansen att studera p\u00e5 H\u00e4rn\u00f6sands folkh\u00f6gskola. D\u00e4r gick jag ett par \u00e5r och tog mina f\u00f6rsta viktiga kliv in i operav\u00e4rlden. Vid min start p\u00e5 Kammarmusikprogrammet i V\u00e4ster\u00e5s, h\u00f6sten 2012, var jag dessv\u00e4rre s\u00e5ngtekniskt vilsen, men Lena hj\u00e4lpte mig hitta trygghet och lugn i mig sj\u00e4lv. Fr\u00e5n f\u00f6rsta lektionen kunde vi jobba framg\u00e5ngsrikt med att l\u00e4gga en solid grundteknik f\u00f6r min r\u00f6st.<\/p>\n<p>I snart 5\u00e5r har jag f\u00e5tt frodas p\u00e5 V\u00e4ster\u00e5s Slott under Lena och alla andra l\u00e4rare i v\u00e4rldsklass. Disciplinerat och gr\u00e4nsl\u00f6st har jag f\u00e5tt jobba detaljerat med min r\u00f6st. Jag k\u00e4nner att Lena \u00e4r en h\u00e4ngiven pedagog som eftert\u00e4nksamt skr\u00e4ddarsyr sin undervisning f\u00f6r just mig. Genom alla m\u00f6jliga projekt och konserter p\u00e5 V\u00e4ster\u00e5s Konserthus \u00e4r jag bepr\u00f6vad i det mesta p\u00e5 scen, vilket jag v\u00e4rdes\u00e4tter n\u00e5got enormt. Lena \u00e4r den b\u00e4sta och mest allsidiga s\u00e5ngpedagog jag har haft n\u00f6jet att jobba med, och hoppas v\u00e5rt samarbete str\u00e4cker sig l\u00e5ngt in i framtiden!<\/p>\n<p>Mikael Horned, baryton Kammaropera \u00e5r 1<\/p>\n<p><iframe loading=\"lazy\" width=\"560\" height=\"315\" src=\"https:\/\/www.youtube.com\/embed\/f4uehlUasr8?rel=0\" frameborder=\"0\" allowfullscreen><\/iframe><br \/>\nVerdi Rigoletto Quartet &#8221;Un di se ben rammentomi.. Bella figlia dell&#8217;amore&#8221;<br \/>\nGilda: Amelie Flink, soprano<br \/>\nMaddalena: Frida Bergquist, mezzo-soprano<br \/>\nIl Duca: Viktor Johansson, tenor<\/p>\n","protected":false},"excerpt":{"rendered":"<p>Med sin enast\u00e5ende expertis och konstn\u00e4rliga galenskaper f\u00e5r Lena mig att n\u00e5 h\u00f6gre h\u00f6jder f\u00f6r varje lektion. Hon \u00e4r en outr\u00f6ttlig urkraft som eggar och st\u00f6ttar mig n\u00e4r helst jag beh\u00f6ver det. Hon lyfter fram det i unika i mig som konstn\u00e4r och jag \u00e4r otroligt glad att ha henne som s\u00e5ngpedagog! Jag tog tag [&hellip;]<\/p>\n","protected":false},"author":1,"featured_media":0,"parent":0,"menu_order":0,"comment_status":"closed","ping_status":"closed","template":"","meta":{"footnotes":""},"class_list":["post-158","page","type-page","status-publish","hentry"],"_links":{"self":[{"href":"https:\/\/lenahf.se\/index.php\/wp-json\/wp\/v2\/pages\/158","targetHints":{"allow":["GET"]}}],"collection":[{"href":"https:\/\/lenahf.se\/index.php\/wp-json\/wp\/v2\/pages"}],"about":[{"href":"https:\/\/lenahf.se\/index.php\/wp-json\/wp\/v2\/types\/page"}],"author":[{"embeddable":true,"href":"https:\/\/lenahf.se\/index.php\/wp-json\/wp\/v2\/users\/1"}],"replies":[{"embeddable":true,"href":"https:\/\/lenahf.se\/index.php\/wp-json\/wp\/v2\/comments?post=158"}],"version-history":[{"count":2,"href":"https:\/\/lenahf.se\/index.php\/wp-json\/wp\/v2\/pages\/158\/revisions"}],"predecessor-version":[{"id":263,"href":"https:\/\/lenahf.se\/index.php\/wp-json\/wp\/v2\/pages\/158\/revisions\/263"}],"wp:attachment":[{"href":"https:\/\/lenahf.se\/index.php\/wp-json\/wp\/v2\/media?parent=158"}],"curies":[{"name":"wp","href":"https:\/\/api.w.org\/{rel}","templated":true}]}}