{"id":210,"date":"2017-03-17T15:44:12","date_gmt":"2017-03-17T15:44:12","guid":{"rendered":"http:\/\/lenahf.se\/?page_id=210"},"modified":"2017-08-30T15:44:54","modified_gmt":"2017-08-30T15:44:54","slug":"jag-kan-helt-och-fullt-lita-pa-lena-kajsa-palmer","status":"publish","type":"page","link":"https:\/\/lenahf.se\/index.php\/jag-kan-helt-och-fullt-lita-pa-lena-kajsa-palmer\/","title":{"rendered":"&#8221;Jag kan helt och fullt lita p\u00e5 Lena&#8221;, Kajsa Palm\u00e9r"},"content":{"rendered":"<div class=\"lead\">\n<p><img loading=\"lazy\" decoding=\"async\" class=\"alignnone size-medium wp-image-211 alignleft\" src=\"http:\/\/lenahf.se\/wp-content\/uploads\/2017\/03\/kajsaPalmer-300x169.jpg\" alt=\"Kajsa Palm\u00e9r - alt\/mezzosopran\" width=\"300\" height=\"169\" srcset=\"https:\/\/lenahf.se\/wp-content\/uploads\/2017\/03\/kajsaPalmer-300x169.jpg 300w, https:\/\/lenahf.se\/wp-content\/uploads\/2017\/03\/kajsaPalmer-768x432.jpg 768w, https:\/\/lenahf.se\/wp-content\/uploads\/2017\/03\/kajsaPalmer-1024x576.jpg 1024w, https:\/\/lenahf.se\/wp-content\/uploads\/2017\/03\/kajsaPalmer.jpg 1600w\" sizes=\"auto, (max-width: 300px) 100vw, 300px\" \/>N\u00e4r jag f\u00f6rst kom i kontakt med Lena var b\u00f6rjan p\u00e5 h\u00f6stterminen 2010 och jag skulle precis p\u00e5b\u00f6rja mitt andra \u00e5r p\u00e5 kandidatutbildningen p\u00e5 Kungliga musikh\u00f6gskolan i Stockholm. Efter ett \u00e5r d\u00e4r k\u00e4nde jag mig vilsen och upplevde ingen st\u00f6rre utveckling i min s\u00e5ngteknik.<\/p>\n<p>Min passion f\u00f6r musiken och viljan att uttrycka mig fanns inom mig, men jag k\u00e4nde mig hindrad av min s\u00e5ngteknik. Jag s\u00e5g p\u00e5 s\u00e5ngteknik och musikaliskt uttryck som tv\u00e5 helt skilda saker och f\u00f6r mig var tekniken bara ett hinder f\u00f6r min musikaliska vilja. Jag s\u00f6kte mig till andra pedagoger och tog kontakt med Lena d\u00e5 jag h\u00f6rt mycket gott om henne och hennes s\u00e5ngelever.<\/p>\n<\/div>\n<div class=\"block figure \"><\/div>\n<p>Efter mina f\u00f6rsta lektioner med Lena kommer jag ih\u00e5g att jag k\u00e4nde mig likt befriad. Det var underbart att \u00e5ter f\u00e5 \u00f6ppna upp f\u00f6r r\u00f6sten och l\u00e5ta klangen leva fritt. Jag gillade att hon arbetade fysiskt och utan fokus p\u00e5 att kontrollera klangen. Hon arbetade med mig efter mina f\u00f6ruts\u00e4ttningar och mina kvalit\u00e9er och inte utifr\u00e5n mina hinder eller sv\u00e5righeter.<\/p>\n<p>Hon s\u00e5g min vilja att sjunga och min vilja att uttrycka och v\u00e4rdesatte denna vilja. Jag beh\u00f6vde inte l\u00e4ngre l\u00e4gga min musikalitet \u00e5t sidan f\u00f6r s\u00e5ngtekniken, utan sakta v\u00e4xte s\u00e5ngteknik och musikaliskt uttryck ihop och blev ett. N\u00e4r jag b\u00f6rjade hos Lena var jag h\u00f6g sopran, men det tog inte m\u00e5nga lektioner innan hon f\u00f6reslog l\u00e4gre repertoar. Ju mer vi p\u00e5 lektionerna arbetade bort sp\u00e4nningar och l\u00e4t min r\u00f6st sl\u00e4ppas fri v\u00e4xte en djupare klang fram naturligt. Idag \u00e4r jag djup mezzosopran och stormtrivs!<\/p>\n<p>Jag trivdes s\u00e5 bra med Lena att jag beslutade mig f\u00f6r att avbryta mina studier p\u00e5 musikh\u00f6gskolan och ist\u00e4llet flytta till V\u00e4ster\u00e5s f\u00f6r studier p\u00e5 Kammarmusikprogrammet. D\u00e4r kunde vi arbeta intensivt och ost\u00f6rt. Detta val har jag aldrig \u00e5ngrat. Ibland undrar jag vart jag hade varit om jag inte kontaktat Lena den d\u00e4r sommaren. Hon har kommit att betyda otroligt mycket f\u00f6r min utveckling som s\u00e5ngerska och som artist. Hon arbetar med mig p\u00e5 alla plan och jag \u00e4r s\u00e5 tacksam att hon l\u00e4gger ner s\u00e5 mycket energi och engagemang i sitt uppdrag i att l\u00e4ra mig bli den b\u00e4sta s\u00e5ngerska jag kan bli.<\/p>\n<p>Jag kan helt och fullt lita p\u00e5 Lena p\u00e5 grund av hennes erfarenhet och hennes kunskap, men ocks\u00e5 genom att se tillbaka p\u00e5 min egen utveckling. Jag \u00e4lskar att sjunga mer \u00e4n n\u00e5gonsin och varje framsteg och ny insikt n\u00e4r nya framsteg och nya insikter. Lena inspirerar mig med sin energi och gl\u00e4dje f\u00f6r s\u00e5ng och undervisning och av hennes undervisning f\u00e5r jag en stabil grund att st\u00e5 p\u00e5 inf\u00f6r framtida utmaningar.<\/p>\n<p>N\u00e4rmast ska jag till h\u00f6sten b\u00f6rja p\u00e5 Operah\u00f6gskolan i Stockholm.<\/p>\n<p>Kajsa Palm\u00e9r &#8211; alt\/mezzosopran<\/p>\n","protected":false},"excerpt":{"rendered":"<p>N\u00e4r jag f\u00f6rst kom i kontakt med Lena var b\u00f6rjan p\u00e5 h\u00f6stterminen 2010 och jag skulle precis p\u00e5b\u00f6rja mitt andra \u00e5r p\u00e5 kandidatutbildningen p\u00e5 Kungliga musikh\u00f6gskolan i Stockholm. Efter ett \u00e5r d\u00e4r k\u00e4nde jag mig vilsen och upplevde ingen st\u00f6rre utveckling i min s\u00e5ngteknik. Min passion f\u00f6r musiken och viljan att uttrycka mig fanns inom [&hellip;]<\/p>\n","protected":false},"author":1,"featured_media":0,"parent":0,"menu_order":0,"comment_status":"closed","ping_status":"closed","template":"","meta":{"footnotes":""},"class_list":["post-210","page","type-page","status-publish","hentry"],"_links":{"self":[{"href":"https:\/\/lenahf.se\/index.php\/wp-json\/wp\/v2\/pages\/210","targetHints":{"allow":["GET"]}}],"collection":[{"href":"https:\/\/lenahf.se\/index.php\/wp-json\/wp\/v2\/pages"}],"about":[{"href":"https:\/\/lenahf.se\/index.php\/wp-json\/wp\/v2\/types\/page"}],"author":[{"embeddable":true,"href":"https:\/\/lenahf.se\/index.php\/wp-json\/wp\/v2\/users\/1"}],"replies":[{"embeddable":true,"href":"https:\/\/lenahf.se\/index.php\/wp-json\/wp\/v2\/comments?post=210"}],"version-history":[{"count":2,"href":"https:\/\/lenahf.se\/index.php\/wp-json\/wp\/v2\/pages\/210\/revisions"}],"predecessor-version":[{"id":223,"href":"https:\/\/lenahf.se\/index.php\/wp-json\/wp\/v2\/pages\/210\/revisions\/223"}],"wp:attachment":[{"href":"https:\/\/lenahf.se\/index.php\/wp-json\/wp\/v2\/media?parent=210"}],"curies":[{"name":"wp","href":"https:\/\/api.w.org\/{rel}","templated":true}]}}