{"id":309,"date":"2018-03-04T08:52:40","date_gmt":"2018-03-04T08:52:40","guid":{"rendered":"http:\/\/lenahf.se\/?page_id=309"},"modified":"2021-06-30T17:34:03","modified_gmt":"2021-06-30T17:34:03","slug":"nyheter","status":"publish","type":"page","link":"https:\/\/lenahf.se\/index.php\/nyheter\/","title":{"rendered":"Nyheter"},"content":{"rendered":"<p><img loading=\"lazy\" decoding=\"async\" class=\"wp-image-60 alignleft\" src=\"http:\/\/lenahf.se\/wp-content\/uploads\/2016\/06\/cropped-IkonLHF-300x300.jpg\" alt=\"\" width=\"50\" height=\"50\" srcset=\"https:\/\/lenahf.se\/wp-content\/uploads\/2016\/06\/cropped-IkonLHF-300x300.jpg 300w, https:\/\/lenahf.se\/wp-content\/uploads\/2016\/06\/cropped-IkonLHF-150x150.jpg 150w, https:\/\/lenahf.se\/wp-content\/uploads\/2016\/06\/cropped-IkonLHF-256x256.jpg 256w, https:\/\/lenahf.se\/wp-content\/uploads\/2016\/06\/cropped-IkonLHF-270x270.jpg 270w, https:\/\/lenahf.se\/wp-content\/uploads\/2016\/06\/cropped-IkonLHF-192x192.jpg 192w, https:\/\/lenahf.se\/wp-content\/uploads\/2016\/06\/cropped-IkonLHF-180x180.jpg 180w, https:\/\/lenahf.se\/wp-content\/uploads\/2016\/06\/cropped-IkonLHF-32x32.jpg 32w, https:\/\/lenahf.se\/wp-content\/uploads\/2016\/06\/cropped-IkonLHF.jpg 512w\" sizes=\"auto, (max-width: 50px) 100vw, 50px\" \/><\/p>\n<p class=\"mdh-h1\">M\u00e5ndag 14 juni 2021.\u00a0 \u00a0Stor framg\u00e5ng f\u00f6r operastudenter under \u00e5ret.<\/p>\n<p><a href=\"https:\/\/www.mdh.se\/artiklar\/2021\/juni\/stor-framgang-for-operastudenter-under-aret\" target=\"_blank\" rel=\"noopener\">L\u00e4s mer<\/a><\/p>\n<p><img loading=\"lazy\" decoding=\"async\" class=\"wp-image-60 alignleft\" src=\"http:\/\/lenahf.se\/wp-content\/uploads\/2016\/06\/cropped-IkonLHF-300x300.jpg\" alt=\"\" width=\"50\" height=\"50\" srcset=\"https:\/\/lenahf.se\/wp-content\/uploads\/2016\/06\/cropped-IkonLHF-300x300.jpg 300w, https:\/\/lenahf.se\/wp-content\/uploads\/2016\/06\/cropped-IkonLHF-150x150.jpg 150w, https:\/\/lenahf.se\/wp-content\/uploads\/2016\/06\/cropped-IkonLHF-256x256.jpg 256w, https:\/\/lenahf.se\/wp-content\/uploads\/2016\/06\/cropped-IkonLHF-270x270.jpg 270w, https:\/\/lenahf.se\/wp-content\/uploads\/2016\/06\/cropped-IkonLHF-192x192.jpg 192w, https:\/\/lenahf.se\/wp-content\/uploads\/2016\/06\/cropped-IkonLHF-180x180.jpg 180w, https:\/\/lenahf.se\/wp-content\/uploads\/2016\/06\/cropped-IkonLHF-32x32.jpg 32w, https:\/\/lenahf.se\/wp-content\/uploads\/2016\/06\/cropped-IkonLHF.jpg 512w\" sizes=\"auto, (max-width: 50px) 100vw, 50px\" \/>L\u00f6rdag 24 mars 2018.\u00a0 \u00a0Varmt v\u00e4lkomna imorgon s\u00f6ndag 25 mars till V\u00e4ster\u00e5s domkyrka kl. 18.00.<\/p>\n<p><a href=\"http:\/\/lenahf.se\/index.php\/2018\/03\/24\/413\/\" target=\"_blank\" rel=\"noopener\">L\u00e4s mer<\/a><\/p>\n<p><img loading=\"lazy\" decoding=\"async\" class=\"wp-image-60 alignleft\" src=\"http:\/\/lenahf.se\/wp-content\/uploads\/2016\/06\/cropped-IkonLHF-300x300.jpg\" alt=\"\" width=\"50\" height=\"50\" srcset=\"https:\/\/lenahf.se\/wp-content\/uploads\/2016\/06\/cropped-IkonLHF-300x300.jpg 300w, https:\/\/lenahf.se\/wp-content\/uploads\/2016\/06\/cropped-IkonLHF-150x150.jpg 150w, https:\/\/lenahf.se\/wp-content\/uploads\/2016\/06\/cropped-IkonLHF-256x256.jpg 256w, https:\/\/lenahf.se\/wp-content\/uploads\/2016\/06\/cropped-IkonLHF-270x270.jpg 270w, https:\/\/lenahf.se\/wp-content\/uploads\/2016\/06\/cropped-IkonLHF-192x192.jpg 192w, https:\/\/lenahf.se\/wp-content\/uploads\/2016\/06\/cropped-IkonLHF-180x180.jpg 180w, https:\/\/lenahf.se\/wp-content\/uploads\/2016\/06\/cropped-IkonLHF-32x32.jpg 32w, https:\/\/lenahf.se\/wp-content\/uploads\/2016\/06\/cropped-IkonLHF.jpg 512w\" sizes=\"auto, (max-width: 50px) 100vw, 50px\" \/>S\u00f6ndag 18 mars 2018.\u00a0 S\u00e5ng- och pianostudenter p\u00e5 Musik och Operah\u00f6gskolan vid M\u00e4lardalens h\u00f6gskola: en underbar konsert<\/p>\n<p><a href=\"http:\/\/lenahf.se\/index.php\/2018\/03\/18\/397\/\" target=\"_blank\" rel=\"noopener\">L\u00e4s mer<\/a><\/p>\n<p><img loading=\"lazy\" decoding=\"async\" class=\"wp-image-60 alignleft\" src=\"http:\/\/lenahf.se\/wp-content\/uploads\/2016\/06\/cropped-IkonLHF-300x300.jpg\" alt=\"\" width=\"50\" height=\"50\" srcset=\"https:\/\/lenahf.se\/wp-content\/uploads\/2016\/06\/cropped-IkonLHF-300x300.jpg 300w, https:\/\/lenahf.se\/wp-content\/uploads\/2016\/06\/cropped-IkonLHF-150x150.jpg 150w, https:\/\/lenahf.se\/wp-content\/uploads\/2016\/06\/cropped-IkonLHF-256x256.jpg 256w, https:\/\/lenahf.se\/wp-content\/uploads\/2016\/06\/cropped-IkonLHF-270x270.jpg 270w, https:\/\/lenahf.se\/wp-content\/uploads\/2016\/06\/cropped-IkonLHF-192x192.jpg 192w, https:\/\/lenahf.se\/wp-content\/uploads\/2016\/06\/cropped-IkonLHF-180x180.jpg 180w, https:\/\/lenahf.se\/wp-content\/uploads\/2016\/06\/cropped-IkonLHF-32x32.jpg 32w, https:\/\/lenahf.se\/wp-content\/uploads\/2016\/06\/cropped-IkonLHF.jpg 512w\" sizes=\"auto, (max-width: 50px) 100vw, 50px\" \/>Fredag 23 februari 2018.\u00a0\u00a0Cette semaine, les jeunes artistes collaborent avec Margaret Singer, pianiste et Lena Hellstr\u00f6m-F\u00e4rnl\u00f6f, soprano.<\/p>\n<p><a href=\"http:\/\/lenahf.se\/index.php\/2018\/03\/04\/mitt-besok-vid-latelier-lyrique-de-lopera-de-montreal\/\" target=\"_blank\" rel=\"noopener\">L\u00e4s mer<\/a><\/p>\n","protected":false},"excerpt":{"rendered":"<p>M\u00e5ndag 14 juni 2021.\u00a0 \u00a0Stor framg\u00e5ng f\u00f6r operastudenter under \u00e5ret. L\u00e4s mer L\u00f6rdag 24 mars 2018.\u00a0 \u00a0Varmt v\u00e4lkomna imorgon s\u00f6ndag 25 mars till V\u00e4ster\u00e5s domkyrka kl. 18.00. L\u00e4s mer S\u00f6ndag 18 mars 2018.\u00a0 S\u00e5ng- och pianostudenter p\u00e5 Musik och Operah\u00f6gskolan vid M\u00e4lardalens h\u00f6gskola: en underbar konsert L\u00e4s mer Fredag 23 februari 2018.\u00a0\u00a0Cette semaine, les jeunes [&hellip;]<\/p>\n","protected":false},"author":1,"featured_media":0,"parent":0,"menu_order":0,"comment_status":"closed","ping_status":"closed","template":"","meta":{"footnotes":""},"class_list":["post-309","page","type-page","status-publish","hentry"],"_links":{"self":[{"href":"https:\/\/lenahf.se\/index.php\/wp-json\/wp\/v2\/pages\/309","targetHints":{"allow":["GET"]}}],"collection":[{"href":"https:\/\/lenahf.se\/index.php\/wp-json\/wp\/v2\/pages"}],"about":[{"href":"https:\/\/lenahf.se\/index.php\/wp-json\/wp\/v2\/types\/page"}],"author":[{"embeddable":true,"href":"https:\/\/lenahf.se\/index.php\/wp-json\/wp\/v2\/users\/1"}],"replies":[{"embeddable":true,"href":"https:\/\/lenahf.se\/index.php\/wp-json\/wp\/v2\/comments?post=309"}],"version-history":[{"count":4,"href":"https:\/\/lenahf.se\/index.php\/wp-json\/wp\/v2\/pages\/309\/revisions"}],"predecessor-version":[{"id":1332,"href":"https:\/\/lenahf.se\/index.php\/wp-json\/wp\/v2\/pages\/309\/revisions\/1332"}],"wp:attachment":[{"href":"https:\/\/lenahf.se\/index.php\/wp-json\/wp\/v2\/media?parent=309"}],"curies":[{"name":"wp","href":"https:\/\/api.w.org\/{rel}","templated":true}]}}