{"id":62,"date":"2016-06-16T12:18:22","date_gmt":"2016-06-16T12:18:22","guid":{"rendered":"http:\/\/lenahf.se\/?page_id=62"},"modified":"2021-01-05T15:48:36","modified_gmt":"2021-01-05T15:48:36","slug":"kontakta-mig","status":"publish","type":"page","link":"https:\/\/lenahf.se\/index.php\/kontakta-mig\/","title":{"rendered":"Kontakta mig"},"content":{"rendered":"<p><strong>Ni kan kontakta mig genom:<\/strong><\/p>\n<p><strong>Tel: 00 46 706 848124<\/strong><\/p>\n<p><img loading=\"lazy\" decoding=\"async\" class=\"alignnone wp-image-64\" src=\"http:\/\/lenahf.se\/wp-content\/uploads\/2016\/06\/arobase-300x300.png\" alt=\"arobase\" width=\"42\" height=\"42\" srcset=\"https:\/\/lenahf.se\/wp-content\/uploads\/2016\/06\/arobase-300x300.png 300w, https:\/\/lenahf.se\/wp-content\/uploads\/2016\/06\/arobase-150x150.png 150w, https:\/\/lenahf.se\/wp-content\/uploads\/2016\/06\/arobase-256x256.png 256w, https:\/\/lenahf.se\/wp-content\/uploads\/2016\/06\/arobase.png 310w\" sizes=\"auto, (max-width: 42px) 100vw, 42px\" \/><\/p>\n<p>\u25ba e-mail<br \/>\nlena@lenahf.se<br \/>\neller via MDH:<br \/>\nlena.hellstrom-farnlof@mdh.se<\/p>\n<p><a href=\"https:\/\/www.facebook.com\/lena.hellstromfarnlof\"><img loading=\"lazy\" decoding=\"async\" class=\"alignnone wp-image-63\" src=\"http:\/\/lenahf.se\/wp-content\/uploads\/2016\/06\/facebookbouton.png\" alt=\"facebookbouton\" width=\"35\" height=\"35\" \/><\/a><\/p>\n<p>\u25baFacebook \/<a href=\"https:\/\/www.facebook.com\/lena.hellstromfarnlof\" target=\"_blank\" rel=\"noopener\"> Lena Hellstr\u00f6m-F\u00e4rnl\u00f6f\u00a0<\/a><\/p>\n<p><a href=\"http:\/\/www.mdh.se\/amnen\/kammarmusik\" target=\"_blank\" rel=\"noopener\"><img loading=\"lazy\" decoding=\"async\" class=\"alignnone wp-image-65\" src=\"http:\/\/lenahf.se\/wp-content\/uploads\/2016\/06\/mdh_logo.jpg\" alt=\"mdh_logo\" width=\"51\" height=\"28\" \/><\/a><\/p>\n<p>\u25ba<a href=\"http:\/\/www.mdh.se\/amnen\/kammarmusik\" target=\"_blank\" rel=\"noopener\"> L\u00e4nk till M\u00e4lardalens h\u00f6gskola, Kammarmusikprogrammet<\/a><\/p>\n","protected":false},"excerpt":{"rendered":"<p>Ni kan kontakta mig genom: Tel: 00 46 706 848124 \u25ba e-mail lena@lenahf.se eller via MDH: lena.hellstrom-farnlof@mdh.se \u25baFacebook \/ Lena Hellstr\u00f6m-F\u00e4rnl\u00f6f\u00a0 \u25ba L\u00e4nk till M\u00e4lardalens h\u00f6gskola, Kammarmusikprogrammet<\/p>\n","protected":false},"author":1,"featured_media":0,"parent":0,"menu_order":0,"comment_status":"closed","ping_status":"closed","template":"","meta":{"footnotes":""},"class_list":["post-62","page","type-page","status-publish","hentry"],"_links":{"self":[{"href":"https:\/\/lenahf.se\/index.php\/wp-json\/wp\/v2\/pages\/62","targetHints":{"allow":["GET"]}}],"collection":[{"href":"https:\/\/lenahf.se\/index.php\/wp-json\/wp\/v2\/pages"}],"about":[{"href":"https:\/\/lenahf.se\/index.php\/wp-json\/wp\/v2\/types\/page"}],"author":[{"embeddable":true,"href":"https:\/\/lenahf.se\/index.php\/wp-json\/wp\/v2\/users\/1"}],"replies":[{"embeddable":true,"href":"https:\/\/lenahf.se\/index.php\/wp-json\/wp\/v2\/comments?post=62"}],"version-history":[{"count":9,"href":"https:\/\/lenahf.se\/index.php\/wp-json\/wp\/v2\/pages\/62\/revisions"}],"predecessor-version":[{"id":1191,"href":"https:\/\/lenahf.se\/index.php\/wp-json\/wp\/v2\/pages\/62\/revisions\/1191"}],"wp:attachment":[{"href":"https:\/\/lenahf.se\/index.php\/wp-json\/wp\/v2\/media?parent=62"}],"curies":[{"name":"wp","href":"https:\/\/api.w.org\/{rel}","templated":true}]}}